{"id":14309,"date":"2023-12-04T18:45:42","date_gmt":"2023-12-04T18:45:42","guid":{"rendered":"https:\/\/asseit.com\/?post_type=product&#038;p=14309"},"modified":"2023-12-04T18:49:24","modified_gmt":"2023-12-04T18:49:24","slug":"10a0800c","status":"publish","type":"product","link":"https:\/\/asseit.com\/index.php\/product\/10a0800c\/","title":{"rendered":"10A0800C"},"content":{"rendered":"<p>L&#8217;article 10A0800C de marque DAYCO est un(e) Courroie trap\u00e9zo\u00efdale compatible avec des moteurs de marques suivantes: AUDI, BMW, CITRO\u00cbN, CITRO\u00cbN , PEUGEOT, DAEWOO, DAIHATSU, DAYCO, FERRARI, FIAT, FIAT , DAIHATSU, FIAT , IVECO, FORD, GENERAL MOTORS, HONDA, K\u00c4SSBOHRER, LEYLAND, MAN, MAZDA, MERCEDES-BENZ, OPEL, RENAULT, RENAULT TRUCKS, ROVER, SEAT, TOYOTA, TOYOTA , DAIHATSU, VAG, VAUXHALL , OPEL, VOLVO, VW<\/p>\n<p>Les r\u00e9ferences:<\/p>\n<p>10&#215;800, \u00a0046145271, \u00a032421717953,\u00a032421719953, \u00a05750F9,\u00a096015521,\u00a05750SC,\u00a0DD39118, \u00a0574913,\u00a0574914,\u00a0400366,\u00a091536303,\u00a095496836,\u00a02N39118,\u00a05440191,\u00a0400365, \u00a096144846, \u00a09932100791,\u00a09089407960,\u00a09932150791,\u00a09004832050,\u00a09004832049,\u00a09004832077,\u00a09004832044, \u00a0130493, \u00a09004832050,\u00a04156931,\u00a04616931,\u00a046145271,\u00a05949504,\u00a07644928,\u00a04037771,\u00a06554021705,\u00a04156392, \u00a02735E8620A,\u00a0761F8620AA,\u00a06044995,\u00a02735E8620C,\u00a0V701M8620AA,\u00a06044423,\u00a077BF6C301AC,\u00a06792801, \u00a090280872, \u00a056992PM7003,\u00a056992PM7004, \u00a04156931, \u00a0BMK1963,\u00a0BMK1963, \u00a06580432113,\u00a06580430113, \u00a0887118381,\u00a0N35018381,\u00a0175718381, \u00a0007753009539,\u00a0A0019972892,\u00a0A0019974292,\u00a0A007753009539,\u00a00019972892, \u00a090260872,\u00a0545482,\u00a090880972,\u00a011063969,\u00a0950365,\u00a0545481, \u00a07701349245, \u00a07700682388, \u00a0GCB10800, \u00a0XE020032310A, \u00a09952110808,\u00a09932100791,\u00a09932150791,\u00a09932100810,\u00a09932100805, \u00a03939739,\u00a0035903137A,\u00a0SE020032310A,\u00a0035903137E,\u00a0035903137B,\u00a0FD03231000, \u00a090260872, \u00a0958347,\u00a0966898,\u00a0958302,\u00a0973534, \u00a0060145271,\u00a0035903137D,\u00a0075903137, \u00a01987947604,\u00a0F005X00388,\u00a01987947608,\u00a01987947782, \u00a0AVX10X800,\u00a0AVX10X795, \u00a0AVX10X800LA, \u00a06212MC, \u00a010AV0800, \u00a0AV10790, \u00a0FB10X800, \u00a04765659100,\u00a04765659100, \u00a0005VE, \u00a0QBA800, \u00a01A0800, \u00a0VKMV10AVX795,\u00a0VKMV10AVX800,\u00a0VKMV115X790, \u00a0CA10AV800, \u00a0470950800, \u00a010AV0800, 10A0800C<\/p>\n","protected":false},"excerpt":{"rendered":"<p>10A0800C &#8211; DAYCO 10A0800C Courroie trap\u00e9zo\u010fdale \/ DAYCO<\/p>\n","protected":false},"featured_media":14310,"comment_status":"open","ping_status":"closed","template":"","meta":[],"product_cat":[57],"product_tag":[177,216,173,192,195,202,194,124,201,203,224,212,123,181,147,172,204,206,207,218,156,159,136,125,126,191,138,133,153,155,148,150,149,223,215,137,183,179,165,166,131,132,127,129,151,161,158,211,154,169,168,163,157,152,185,184,162,170,146,144,143,145,178,164,180,141,134,182,135,199,197,128,139,198,200,140,190,189,142,188,174,175,176,213,209,208,210,167,222,130,205,214,196,186,171,217,193,160,219,220,221,187],"class_list":["post-14309","product","type-product","status-publish","has-post-thumbnail","hentry","product_cat-courroies-et-kit-de-distribution","product_tag-177","product_tag-005ve","product_tag-173","product_tag-035903137a","product_tag-035903137b","product_tag-035903137d","product_tag-035903137e","product_tag-124","product_tag-201","product_tag-203","product_tag-10a0800c","product_tag-10av0800","product_tag-10x800","product_tag-181","product_tag-147","product_tag-172","product_tag-204","product_tag-206","product_tag-207","product_tag-1a0800","product_tag-2735e8620a","product_tag-2735e8620c","product_tag-2n39118","product_tag-125","product_tag-126","product_tag-191","product_tag-138","product_tag-133","product_tag-153","product_tag-155","product_tag-148","product_tag-150","product_tag-149","product_tag-223","product_tag-215","product_tag-137","product_tag-183","product_tag-179","product_tag-56992pm7003","product_tag-56992pm7004","product_tag-131","product_tag-132","product_tag-5750f9","product_tag-5750sc","product_tag-151","product_tag-161","product_tag-158","product_tag-6212mc","product_tag-154","product_tag-169","product_tag-168","product_tag-163","product_tag-761f8620aa","product_tag-152","product_tag-185","product_tag-184","product_tag-77bf6c301ac","product_tag-170","product_tag-146","product_tag-144","product_tag-143","product_tag-145","product_tag-178","product_tag-164","product_tag-180","product_tag-141","product_tag-134","product_tag-182","product_tag-135","product_tag-199","product_tag-197","product_tag-128","product_tag-139","product_tag-198","product_tag-200","product_tag-140","product_tag-190","product_tag-189","product_tag-142","product_tag-188","product_tag-a0019972892","product_tag-a0019974292","product_tag-a007753009539","product_tag-av10790","product_tag-avx10x795","product_tag-avx10x800","product_tag-avx10x800la","product_tag-bmk1963","product_tag-ca10av800","product_tag-dd39118","product_tag-f005x00388","product_tag-fb10x800","product_tag-fd03231000","product_tag-gcb10800","product_tag-n35018381","product_tag-qba800","product_tag-se020032310a","product_tag-v701m8620aa","product_tag-vkmv10avx795","product_tag-vkmv10avx800","product_tag-vkmv115x790","product_tag-xe020032310a"],"_links":{"self":[{"href":"https:\/\/asseit.com\/index.php\/wp-json\/wp\/v2\/product\/14309","targetHints":{"allow":["GET"]}}],"collection":[{"href":"https:\/\/asseit.com\/index.php\/wp-json\/wp\/v2\/product"}],"about":[{"href":"https:\/\/asseit.com\/index.php\/wp-json\/wp\/v2\/types\/product"}],"replies":[{"embeddable":true,"href":"https:\/\/asseit.com\/index.php\/wp-json\/wp\/v2\/comments?post=14309"}],"wp:featuredmedia":[{"embeddable":true,"href":"https:\/\/asseit.com\/index.php\/wp-json\/wp\/v2\/media\/14310"}],"wp:attachment":[{"href":"https:\/\/asseit.com\/index.php\/wp-json\/wp\/v2\/media?parent=14309"}],"wp:term":[{"taxonomy":"product_cat","embeddable":true,"href":"https:\/\/asseit.com\/index.php\/wp-json\/wp\/v2\/product_cat?post=14309"},{"taxonomy":"product_tag","embeddable":true,"href":"https:\/\/asseit.com\/index.php\/wp-json\/wp\/v2\/product_tag?post=14309"}],"curies":[{"name":"wp","href":"https:\/\/api.w.org\/{rel}","templated":true}]}}